ctor of 528724 and 184?
92
Calculate the greatest common divisor of 117 and 2547.
9
What is the greatest common factor of 428 and 64949?
107
Calculate the greatest common factor of 1780 and 21716.
356
Calculate the greatest common factor of 104860 and 6.
2
What is the highest common divisor of 4320 and 3840?
480
What is the greatest common factor of 25625 and 1681?
41
Calculate the highest common factor of 460 and 2810.
10
Calculate the highest common divisor of 3813 and 5289.
123
What is the greatest common divisor of 275 and 5512925?
275
Calculate the highest common divisor of 314 and 25311854.
314
What is the greatest common divisor of 232141 and 182?
91
What is the highest common factor of 10160 and 4240?
80
What is the highest common divisor of 1182003 and 249?
249
What is the highest common factor of 400862 and 836?
418
Calculate the highest common divisor of 289 and 160616.
17
What is the greatest common divisor of 2374758 and 107?
107
What is the greatest common factor of 50 and 1387450?
50
What is the highest common divisor of 16693 and 15?
1
Calculate the greatest common factor of 1407 and 5334.
21
Calculate the highest common divisor of 1161 and 3537.
27
What is the highest common factor of 255231 and 138?
69
What is the highest common factor of 166 and 957571?
83
What is the greatest common divisor of 1506 and 11514?
6
What is the greatest common divisor of 5459 and 9579?
103
Calculate the greatest common divisor of 3204 and 122553.
801
What is the greatest common factor of 208 and 9320?
8
What is the greatest common factor of 11429698 and 1042?
1042
What is the highest common factor of 230 and 310?
10
Calculate the greatest common factor of 157 and 477437.
157
Calculate the greatest common divisor of 2132 and 178022.
1066
What is the highest common factor of 27 and 19525887?
27
Calculate the highest common divisor of 198 and 50706.
18
Calculate the highest common factor of 663 and 395187.
39
What is the highest common factor of 24 and 261159?
3
Calculate the greatest common factor of 4002 and 5742.
174
What is the greatest common divisor of 148 and 823324?
148
What is the greatest common factor of 7938 and 1162?
14
What is the greatest common divisor of 456 and 38988?
228
Calculate the greatest common divisor of 14 and 746116.
14
Calculate the highest common factor of 16492 and 2821.
217
What is the highest common factor of 238465 and 1480?
185
Calculate the greatest common divisor of 5916526 and 373.
373
Calculate the greatest common factor of 372 and 767994.
186
What is the highest common factor of 131109 and 1233?
411
Calculate the highest common divisor of 19354445 and 209.
209
What is the greatest common factor of 764 and 1076?
4
What is the greatest common divisor of 129459 and 231?
33
What is the greatest common factor of 2091 and 27999?
51
What is the greatest common factor of 127 and 385826?
127
Calculate the highest common factor of 728 and 3472196.
364
Calculate the highest common divisor of 65 and 70785.
65
What is the greatest common factor of 575 and 14225?
25
Calculate the greatest common divisor of 6083 and 553.
553
What is the greatest common divisor of 22579 and 5392?
337
What is the highest common divisor of 4420 and 845?
65
Calculate the highest common divisor of 154467 and 648.
81
What is the greatest common divisor of 469314 and 243?
81
What is the highest common divisor of 2087656 and 826?
118
Calculate the greatest common divisor of 22040 and 200.
40
Calculate the greatest common divisor of 1632 and 1666.
34
Calculate the greatest common divisor of 83166 and 332.
166
Calculate the greatest common factor of 4050 and 525.
75
Calculate the greatest common divisor of 8119 and 14473.
353
Calculate the greatest common factor of 21801 and 516.
129
What is the highest common factor of 84 and 270768?
12
Calculate the highest common divisor of 2156 and 144760.
308
What is the greatest common factor of 18570 and 75?
15
Calculate the greatest common factor of 2541 and 199287.
363
What is the greatest common divisor of 46253 and 874?
23
Calculate the highest common factor of 120510 and 412.
206
Calculate the greatest common divisor of 128 and 2042176.
64
What is the highest common factor of 175 and 854275?
25
Calculate the greatest common factor of 33455 and 15.
5
What is the highest common divisor of 3141 and 151117?
349
What is the greatest common factor of 187 and 124?
1
What is the highest common divisor of 542 and 126557?
271
Calculate the greatest common factor of 10 and 4702090.
10
What is the greatest common divisor of 4256 and 128?
32
Calculate the greatest common divisor of 80370 and 48645.
2115
Calculate the highest common divisor of 5 and 256.
1
Calculate the highest common divisor of 136 and 76806.
34
Calculate the greatest common divisor of 432 and 621.
27
What is the greatest common divisor of 2984 and 6360?
8
Calculate the greatest common factor of 92 and 1240.
4
What is the highest common factor of 186 and 1563?
3
Calculate the greatest common divisor of 5889015 and 495.
495
Calculate the greatest common divisor of 24 and 587816.
8
Calculate the greatest common divisor of 473589 and 9.
9
What is the highest common divisor of 6221 and 1?
1
Calculate the greatest common divisor of 35490 and 63.
21
What is the greatest common divisor of 159120 and 13923?
1989
Calculate the greatest common divisor of 3053 and 355.
71
What is the highest common factor of 516 and 34548?
12
Calculate the highest common factor of 201793 and 373.
373
What is the highest common factor of 191291 and 184?
23
What is the highest common factor of 3382502 and 116?
58
Calculate the greatest common factor of 404667 and 18.
9
Calculate the greatest common factor of 23324 and 3876.
68
What is the highest common divisor of 43616 and 58656?
1504
What is the highest common factor of 101 and 2851836?
101
What is the greatest common factor of 870880 and 1440?
160
What is the highest common factor of 740 and 999?
37
What is the highest common factor of 27224 and 5576?
328
Calculate the greatest common factor of 393208 and 368.
184
What is the highest common factor of 341426 and 106?
106
What is the highest common factor of 157334 and 776?
194
What is the greatest common factor of 4641 and 4680?
39
Calculate the highest common divisor of 600 and 6540.
60
What is the greatest common factor of 6282 and 144?
18
Calculate the greatest common factor of 6030 and 1575.
45
Calculate the greatest common divisor of 12890 and 290.
10
What is the highest common factor of 616 and 154308?
308
Calculate the greatest common divisor of 8 and 226288.
8
Calculate the greatest common divisor of 91956 and 29862.
474
What is the greatest common divisor of 1344 and 16212?
84
What is the greatest common factor of 1476282 and 1488?
186
What is the highest common factor of 675 and 131400?
225
What is the highest common factor of 1012 and 3956?
92
Calculate the highest common divisor of 95 and 3425.
5
Calculate the highest common factor of 36439 and 13.
13
What is the greatest common factor of 301041 and 2158?
1079
Calculate the greatest common factor of 154618 and 3188.
1594
What is the highest common divisor of 305 and 854305?
305
What is the greatest common divisor of 40375 and 43775?
425
What is the highest common divisor of 11931 and 79734?
291
Calculate the highest common factor of 3157 and 779.
41
Calculate the highest common divisor of 5 and 15456750.
5
What is the highest common divisor of 6416 and 1474076?
1604
What is the greatest common divisor of 640 and 758880?
160
Calculate the highest common divisor of 1860 and 163740.
60
Calculate the greatest common factor of 104550 and 204.
102
What is the highest common factor of 1134 and 1560951?
567
What is the greatest common divisor of 689 and 19557?
53
Calculate the highest common divisor of 16668 and 78247.
463
What is the greatest common factor of 52416 and 1560?
312
What is the greatest common factor of 6 and 1750386?
6
Calculate the highest common divisor of 26583 and 12.
3
What is the highest common factor of 42 and 30714?
6
Calculate the highest common factor of 8586 and 810.
162
What is the highest common factor of 45864 and 27?
9
Calculate the highest common factor of 1611 and 21771.
9
What is the gre